 a composite number?
False
Is 440938 composite?
True
Is 155473 a composite number?
False
Is 2287 composite?
False
Is 145601 a prime number?
True
Is 1043 a composite number?
True
Is 214433 composite?
False
Is 35031 a prime number?
False
Is 991 a composite number?
False
Is 3359 a prime number?
True
Is 76561 composite?
False
Is 72749 prime?
False
Is 84863 a composite number?
True
Is 9761555 composite?
True
Is 889727 a prime number?
True
Is 1097753 a prime number?
False
Is 5305 a composite number?
True
Is 4547 a prime number?
True
Is 80893 prime?
False
Is 9235 a composite number?
True
Is 7829 a composite number?
False
Is 13523 prime?
True
Is 5905 prime?
False
Is 993039 a composite number?
True
Is 34027 a composite number?
True
Is 248647 composite?
True
Is 13231 a composite number?
True
Is 2598055 composite?
True
Is 17547 prime?
False
Is 6178 composite?
True
Is 91193 a composite number?
False
Is 24031 prime?
False
Is 13951 a prime number?
False
Is 1570659 a prime number?
False
Is 20593 prime?
True
Is 819205 prime?
False
Is 69033 a prime number?
False
Is 133795 a composite number?
True
Is 16601 composite?
True
Is 20697 a prime number?
False
Is 31591 composite?
True
Is 35753 a prime number?
True
Is 263 prime?
True
Is 7031 a prime number?
False
Is 267 a composite number?
True
Is 129811 composite?
True
Is 157083 prime?
False
Is 44245 prime?
False
Is 159257 prime?
False
Is 520733 composite?
True
Is 667 a prime number?
False
Is 9239 a prime number?
True
Is 39917 composite?
True
Is 358027 composite?
True
Is 121879 a composite number?
True
Is 10681 prime?
False
Is 44059 a composite number?
False
Is 9407 prime?
False
Is 18787 a composite number?
False
Is 30759 a composite number?
True
Is 19661 a prime number?
True
Is 69181 composite?
True
Is 2039 composite?
False
Is 3073 a composite number?
True
Is 50185 a prime number?
False
Is 83491 a prime number?
False
Is 374779 composite?
True
Is 250571 a prime number?
False
Is 135637 a composite number?
False
Is 5953 composite?
False
Is 31687 composite?
False
Is 419963 prime?
False
Is 39265 prime?
False
Is 24029 a prime number?
True
Is 982 a composite number?
True
Is 13241 a composite number?
False
Is 1271 a composite number?
True
Is 36589 a composite number?
True
Is 28169 composite?
True
Is 232253 composite?
True
Is 28687 a prime number?
True
Is 268573 composite?
False
Is 1590383 a composite number?
False
Is 4645 a composite number?
True
Is 9529 composite?
True
Is 91183 a composite number?
False
Is 62459 a prime number?
True
Is 34753 prime?
False
Is 229123 prime?
True
Is 1480049 a composite number?
True
Is 39521 prime?
True
Is 50221 a composite number?
False
Is 98405 a composite number?
True
Is 39551 a prime number?
True
Is 121229 a composite number?
False
Is 137339 a prime number?
True
Is 2699003 a prime number?
False
Is 75793 a prime number?
True
Is 12979 prime?
True
Is 170551 a composite number?
False
Is 1637 prime?
True
Is 42169 composite?
False
Is 2095 prime?
False
Is 1964603 a prime number?
True
Is 47629 a composite number?
False
Is 3691 a prime number?
True
Is 1262 composite?
True
Is 190195 a composite number?
True
Is 184259 a prime number?
True
Is 1504187 prime?
True
Is 967 composite?
False
Is 6073 a composite number?
False
Is 2173 a prime number?
False
Is 70051 a composite number?
False
Is 943121 a prime number?
False
Is 139109 composite?
False
Is 35671 a composite number?
False
Is 13523 a composite number?
False
Is 3847 a prime number?
True
Is 58657 prime?
True
Is 26669 composite?
False
Is 1275171 composite?
True
Is 4685 composite?
True
Is 19639 a composite number?
True
Is 46261 composite?
False
Is 135887 a composite number?
False
Is 56237 composite?
False
Is 49981 prime?
False
Is 1798431 a prime number?
False
Is 7631 a prime number?
False
Is 73079 composite?
False
Is 868487 composite?
False
Is 375407 composite?
False
Is 16601 composite?
True
Is 19301 a prime number?
True
Is 43151 a prime number?
True
Is 57593 prime?
True
Is 7355 prime?
False
Is 47737 prime?
True
Is 9371 a composite number?
False
Is 841 a prime number?
False
Is 75065 prime?
False
Is 58043 prime?
True
Is 41399 composite?
False
Is 101197 a prime number?
True
Is 53831 a prime number?
True
Is 1397 composite?
True
Is 21547 prime?
False
Is 88481 composite?
True
Is 34721 a prime number?
True
Is 5557 a composite number?
False
Is 14969 composite?
False
Is 18509 a prime number?
False
Is 521 a prime number?
True
Is 2521 a composite number?
False
Is 1390541 a prime number?
True
Is 38989 prime?
False
Is 441407 prime?
False
Is 662657 a prime number?
True
Is 65179 prime?
True
Is 6007 a composite number?
False
Is 706099 a prime number?
True
Is 77897 a composite number?
True
Is 107399 composite?
True
Is 766 composite?
True
Is 42193 composite?
False
Is 7069949 prime?
True
Is 3037 prime?
True
Is 83761 a composite number?
False
Is 14479 a composite number?
False
Is 3191 a composite number?
False
Is 1685741 composite?
True
Is 327679 prime?
False
Is 28151 composite?
False
Is 2142857 composite?
False
Is 2800477 a composite number?
True
Is 68351 a composite number?
False
Is 9587 a composite number?
False
Is 407 prime?
False
Is 137627 prime?
False
Is 107013 a composite number?
True
Is 1243 a prime number?
False
Is 807947 prime?
False
Is 72511 a prime number?
False
Is 486919 a prime number?
False
Is 135151 a composite number?
False
Is 185209 composite?
True
Is 130099 composite?
False
Is 6491 a prime number?
True
Is 21911 prime?
True
Is 63005 composite?
True
Is 68863 a composite number?
False
Is 73483 a prime number?
True
Is 410029 a prime number?
True
Is 61453 a prime number?
False
Is 439399 prime?
False
Is 81033 a composite number?
True
Is 11197 a prime number?
True
Is 1188314 composite?
True
Is 1258385 a composite number?
True
Is 3332039 a composite number?
False
Is 12854 a composite number?
True
Is 334069 a composite number?
False
Is 113431 composite?
True
Is 113803 a composite number?
True
Is 78977 a prime number?
True
Is 1600993 a composite number?
False
Is 122299 composite?
False
Is 19937 composite?
False
Is 189809 prime?
False
Is 228037 a prime number?
False
Is 52791 composite?
True
Is 19561 composite?
True
Is 1480273 a prime number?
True
Is 81281 prime?
True
Is 40801 composite?
False
Is 47501 composite?
False
Is 52919 a composite number?
False
Is 61279 prime?
False
Is 80471 composite?
False
Is 315539 a prime number?
False
Is 884557 a prime number?
False
Is 39971 a prime number?
True
Is 3643 a prime number?
True
Is 224309 a composite number?
False
Is 343727 composite?
False
Is 5933 a prime number?
False
Is 28102 a prime number?
False
Is 249817 a composite number?
True
Is 32173 composite?
False
Is 1967 prime?
False
Is 499877 composite?
True
Is 541 a composite number?
False
Is 23857 composite?
False
Is 8053 prime?
True
Is 5623 a prime number?
True
Is 18973 composite?
False
Is 5266 prime?
False
Is 5834 prime?
False
Is 184367 prime?
False
Is 33679 composite?
False
Is 165809 prime?
False
Is 117419 a prime number?
False
Is 77023 composite?
False
Is 15349 prime?
True
Is 265241 a prime number?
True
Is 3163 composite?
False
Is 732385 a prime number?
False
Is 2797 a composite number?
False
Is 185 composite?
True
Is 49934 prime?
False
Is 49361 a prime number?
False
Is 2207 prime?
True
Is 136645 a prime number?
False
Is 69313 a prime number?
True
Is 193345 a composite number?
True
Is 80113 a prime number?
False
Is 2179 a composite number?
False
Is 922 a prime number?
False
Is 32093 composite?
True
Is 2099 prime?
True
Is 20365 a composite number?
True
Is 19207 a composite number?
False
Is 3035 prime?
False
Is 22809 a composite number?
True
Is 1671 a prime number?
False
Is 3275809 prime?
False
Is 167971 prime?
True
Is 8251 prime?
False
Is 3091 prime?
False
Is 435191 a prime number?
True
Is 236143 composite?
False
Is 244379 prime?
True
Is 18407 prime?
False
Is 23951 prime?
False
Is 97807 composite?
True
Is 142261 a composite number?
True
Is 3755 a prime number?
False
Is 424709 a prime number?
True
Is 643891 a prime number?
False
Is 71105 prime?
False
Is 715781 composite?
True
Is 2858 prime?
False
Is 68878 prime?
False
Is 23741 a composite number?
False
Is 1259 a composite number?
False
Is 6753 a composite number?
True
Is 23707 a composite number?
True
Is 991 prime?
Tru